e the prime factors of 1453*((-32)/6)/(13 + 492/(-36))?
2, 1453
Let j be (-10)/(-35) + (-40)/(-7). Let i be -3 + 399/4 - j/8. Suppose -z + i = 5*n, 3*n = 4*z - 367 - 63. What are the prime factors of z?
2, 53
Let v = -133 - 10. Let g = 63 + v. Let u = g + 192. What are the prime factors of u?
2, 7
Let v(a) = -10*a + 73. Let w be (6 + 1 - 7)*-1. List the prime factors of v(w).
73
Let p = 7 + 13. Let t be (-10)/(-4) - 1 - (-10)/p. What are the prime factors of 31/(3 + t + -4)?
31
Let x(u) = 43*u**2 + 26*u - 15. What are the prime factors of x(19)?
2, 3, 7, 127
Suppose 10 = -4*f + 4*d + d, -f = -5*d + 10. Suppose 18*r - 17*r - 397 = f. List the prime factors of r.
397
Suppose 0 = 6*i - i + 2*o + 92, 3*o - 12 = 0. List the prime factors of (35/(-4))/(1/i).
5, 7
Suppose -7800 = h - 11*h. Let k = h - 278. List the prime factors of k.
2, 251
Suppose 14*z + 70 + 70 = 0. What are the prime factors of -2832*z/(-90)*-6?
2, 59
List the prime factors of (40/(-16) - -3)*348 + 1.
5, 7
Let f(m) = -3*m - 14. Let v be f(-6). Let j(g) = 5*g**2 + 0*g - v*g**2 - 11 + g. List the prime factors of j(10).
3, 11
Suppose 0 = 5*r - 5*v + 4*v + 2188, 3*v - 870 = 2*r. What are the prime factors of (-9)/(-3 - r/147) + -1?
2, 5, 11
Let g = -10836 + 18740. List the prime factors of g.
2, 13, 19
Let b(n) = -n**3 - 2*n**2 + 8*n + 39. Let l(m) = m**3 - 9*m**2 - 16*m + 135. Let p be l(9). List the prime factors of b(p).
2, 3, 89
Let q = -2446 - -3569. Let b = q + -361. What are the prime factors of b?
2, 3, 127
Suppose -p = -5*v + 15205, -4*v = p - 8339 - 3816. Suppose 2*y + v = 10*y. List the prime factors of y.
2, 5, 19
Suppose 7*s + 20 = 48. List the prime factors of (3/s)/((552/(-7328))/(-23)).
229
Let x = 27930 + -17966. List the prime factors of x.
2, 47, 53
Let s = 10833 + -7551. List the prime factors of s.
2, 3, 547
Let l = 25849 - 17892. What are the prime factors of l?
73, 109
Let u(z) be the third derivative of -z**6/120 + z**5/20 - z**4/24 + 1705*z**3/2 - 38*z**2. Let w be u(0). What are the prime factors of (-1)/(-2) - w/(-30)?
3, 19
Let v = 5159 - 2483. Suppose v = 5*f + a, -12*f + 2139 = -8*f - a. What are the prime factors of f?
5, 107
Let x(o) = -834*o - 502. What are the prime factors of x(-8)?
2, 5, 617
Suppose 27*j = -4*k + 25*j + 215876, k + 4*j - 53983 = 0. List the prime factors of k.
3, 17989
Suppose 63 = 83*n - 74*n. Suppose 0 = -n*a + 11*a - g - 2110, -536 = -a - 4*g. What are the prime factors of a?
2, 3, 11
Let c(x) = -19*x - 82. Suppose -5*b = 2*h + 39, h - 4*b = -6*b - 18. What are the prime factors of c(h)?
2, 73
Let w be ((-4)/(-1))/(4 - 2) - 4. What are the prime factors of (-3)/((-15)/w)*-1075?
2, 5, 43
List the prime factors of (-134 - -132)*(-29990)/4.
5, 2999
Let p be -3*(-2)/9*(-2613)/(-26). Let l = -66 + p. List the prime factors of (0 - l/4) + (-2471)/(-28).
2, 11
Suppose -5*b = -20, -5*o + b + 2*b + 2463 = 0. Suppose -9*k + o = -6*k. Suppose -4*x + k = -239. What are the prime factors of x?
101
Let s be 8696/1 - (-174)/29. Suppose f = 20*f - s. What are the prime factors of f?
2, 229
Suppose l - 10*m = -14*m - 4, -4*l = 2*m + 2. What are the prime factors of (-3)/3 + l - (-138 + -1)?
2, 3, 23
Let o(t) = -77*t**2 + 8*t - 10. Let a be o(1). Let u = 70 - a. What are the prime factors of u?
149
Let g(h) = 19*h**2 + 438*h + 295. List the prime factors of g(-61).
2, 11069
Suppose -4*j = 7*j + 32967. Let s be j/(-108) - 2/(-8). List the prime factors of (0 + (-68)/16)/((-1)/s).
7, 17
List the prime factors of 41871/5 - -18*(-21)/1890.
2, 53, 79
Suppose 0 = -4*h + 6*h - 6. Suppose -5*g + 18 = -h*p, 4*g - 4*p + 1 = 17. Suppose -4*t = g*q - 313, 4*t - 113 = -q - 14. What are the prime factors of q?
107
Let w(i) = -3*i + 85. Let c be w(5). Suppose -c*g = -74*g + 656. List the prime factors of g.
2, 41
Suppose 2*r + 21 = 9*r. Suppose -r*v - 15 = -6. List the prime factors of 2/1 + 11 + v.
2, 5
Let p = -4989 + 20374. List the prime factors of p.
5, 17, 181
Suppose f - x = -3*f + 4584, -x = -f + 1149. Let p = -421 + f. List the prime factors of p.
2, 181
Let l = 513 + 8261. What are the prime factors of l?
2, 41, 107
List the prime factors of -4 + 1 + (-33)/(2 + -5) + 2699.
2707
Let j(d) = 127*d**2 + 8*d + 5. Suppose 3*w + 2*u = 1 - 13, -2*u = -2*w + 2. What are the prime factors of j(w)?
7, 71
Let r = 17751 - -15022. What are the prime factors of r?
13, 2521
Let j = -59354 - -88519. List the prime factors of j.
5, 19, 307
Let r(p) = -3*p + 70. Let o(z) = -z + 73. Let s(y) = -o(y) + r(y). Let b(a) = -a**3 + 7*a**2 - 6*a - 3. Let u be b(6). What are the prime factors of s(u)?
3
Suppose 3*n - 30 = -4*p, 3*p - 45 = -5*n - 2*p. Suppose u - n*u + 4*x = -1256, -996 = -4*u + x. What are the prime factors of u?
2, 31
Suppose -5*z + 53045 = -3*y, 3*z - 2*y = 12798 + 19029. What are the prime factors of z?
103
Let j(a) = -887*a + 32. Let q be j(-4). Suppose 21*i - q = 13556. What are the prime factors of i?
2, 3, 17
Suppose 2*u = -8045 + 30431. What are the prime factors of u?
3, 7, 13, 41
Let q be 38/12 + 18/(-108). Let m(s) = 8*s**3 - 6*s**q + s - 3 + 7*s - 2*s. List the prime factors of m(4).
149
Suppose -t + 41 - 38 = 0. Suppose 0*h - t*h + 2415 = 0. Suppose 0*j - 2*j + 5*c + 322 = 0, 0 = 5*j + 2*c - h. What are the prime factors of j?
7, 23
Suppose 5*j + 5*u = 67920, 5*j + 0*j + 2*u = 67893. What are the prime factors of j?
3, 5, 181
Let s be 5/((-20)/(-8))*62. Let a = s - 48. Suppose 31 = 77*k - a*k. List the prime factors of k.
31
Let d be -6 - (-23064)/(-2 + 6). List the prime factors of ((-258)/4)/(16/(d/(-27))).
2, 5, 43
Let l be (-4049 - 2)/(4/8). What are the prime factors of l/(-14) + 22/(-539)*-7?
3, 193
Let g(u) = -2*u**2 + 3*u + 636. Let r(t) = -3*t**2 - 15*t - 12. Let a be r(-4). What are the prime factors of g(a)?
2, 3, 53
Let a(p) = p**3 - 27*p**2 + 35*p + 46. Suppose 8*f - 12*f = -108. What are the prime factors of a(f)?
991
Let r(m) = 3677*m - 1674. List the prime factors of r(4).
2, 7, 19
Let y(m) = -1357*m - 34. List the prime factors of y(-3).
11, 367
Suppose 2*x + 5*g = 103947, 18*x - 13*x - 259795 = 2*g. What are the prime factors of x?
7, 13, 571
Let i = 253 - 245. Suppose i*u - 274 = 446. List the prime factors of u.
2, 3, 5
Suppose 7782206 = 317*o + 4053847 - 10648225. List the prime factors of o.
2, 5669
Suppose -24 = -8*u + 6*u. Suppose 0 = a - 11 + u. Let o = 90 - a. List the prime factors of o.
7, 13
Let s(p) = 27*p**3 - 3*p**2 + 6*p - 7. Let v = -290 - -292. List the prime factors of s(v).
11, 19
What are the prime factors of (-3696884)/869*11/(-2)?
2, 11699
List the prime factors of (6 - 64038/(-3)) + -18.
2, 10667
Let p(r) = 11*r - 5. Let a be p(17). Suppose 6*i - a - 742 = 0. Suppose v - i = -41. List the prime factors of v.
113
Suppose 5*o - 20 = -3*m, o - 4*m - 4 = -0*m. Suppose 3*t + 3*g - 1266 = 0, -o*t + 3*g + 1977 = 317. List the prime factors of t.
2, 11, 19
Let a = -444 + 680. Let o = a + -161. Suppose -28 - o = -l. List the prime factors of l.
103
Let g(v) = -33*v - 61. Let k be g(-2). Suppose -3 = -n, -13*u + 17*u - k*n = 105. List the prime factors of u.
2, 3, 5
Suppose q + 0*q - 201 = 0. Let v be (-9)/(-36)*-4*122/2. Let r = v + q. What are the prime factors of r?
2, 5, 7
Let t = 335 + -331. Suppose 0 = -27*o + 26*o - 2, 2*b + t*o = 778. What are the prime factors of b?
3, 131
Suppose -2*x = -5*c - 76, 2*x - 44 = 6*c - 3*c. What are the prime factors of (-2)/c + ((-56945)/(-56) - -3)?
2, 3, 5, 17
Let x be (-1972)/3*(-5 - -2). Suppose x = 5*i + 2*v, -796 = -8*i + 6*i + v. List the prime factors of i.
2, 3, 11
Let k(r) = r**3 - 11*r**2 + 8*r + 9. Let d be k(10). Let g = d - -11. Let s(p) = p**3 - 2*p**2 - p + 65. What are the prime factors of s(g)?
5, 13
Suppose -64*d = -58*d + 108. What are the prime factors of ((-1395)/25 - 0)/(d/60)?
2, 3, 31
Let m = -8520 + 8978. What are the prime factors of m?
2, 229
Suppose 4*s = -5*o + 6, -o + 9 = -5*s + 2. Let b be 400/(-60)*(-1 + (-58)/(-4)). Let a = o - b. What are the prime factors of a?
2, 23
Let r = 273 - 273. Suppose r = -10*b - b + 4026. List the prime factors of b.
2, 3, 61
Let i = 21842 + -7678. What are the prime factors of i?
2, 3541
Let g(n) = -n**2 + 14*n - 68. Let s be g(12). List the prime factors of 1 + s/32 + 9969/24.
5, 83
Let z = 6088 - -2171. What 